(-34)/221 - 54448/(-26). List the prime factors of j/8 + 1 + 4/16.
263
Let i(v) = 11*v - 8. Let t(n) = -6*n + 4. Let u(s) = 2*i(s) + 5*t(s). Let o be u(3). What are the prime factors of (-12)/o*(12 + -2)?
2, 3
Suppose f + 2 = 14. Let r = 76 + f. What are the prime factors of r?
2, 11
Let h(u) = u - 19. Let l(p) = 3*p - 39. Let o(q) = 14*h(q) - 6*l(q). What are the prime factors of o(-10)?
2
Let j = -13 + 15. Suppose -3*f + v = -f - 10, -2*f + j*v = -12. Suppose 5*o - f*o = 26. List the prime factors of o.
2, 13
Suppose -1195 + 289 = -b. List the prime factors of b.
2, 3, 151
Suppose -10*l + 18989 = -19861. List the prime factors of l.
3, 5, 7, 37
Let y = -13 - -18. Suppose b - 87 = y*f + 13, 4*b - 472 = 2*f. Suppose 0 = -9*t + 13*t - b. List the prime factors of t.
2, 3, 5
Let m = 372 + 612. List the prime factors of m.
2, 3, 41
Suppose -2*t = 4*r - 8758, 114 - 2331 = -r + 5*t. List the prime factors of r.
2, 137
Suppose 24 = -5*g + 3*g. Let j be g/18 + (-52)/(-6). What are the prime factors of 1*(-2)/(j/(-116))?
29
Let b(o) = 3*o + 27. Let i be b(-7). Suppose -z + i = 2*a, 5*a + 5*z - 9 = 2*a. What are the prime factors of a?
3
Let g(x) = x**2 + 7*x - 2. Let f be g(-5). List the prime factors of f/(-8) + -1*1029/(-6).
173
Let w = 464 + -296. List the prime factors of w.
2, 3, 7
Let l = -1411 + 2253. List the prime factors of l.
2, 421
What are the prime factors of (-2)/6 + 6136/12 + -1?
2, 3, 5, 17
Let c(k) = 4*k**3 - k**2. Let w be c(1). What are the prime factors of 1 - -2 - w - -43?
43
Let j(x) = 170*x**2 - 8*x + 5. List the prime factors of j(4).
2693
Let c = -1560 - -2860. List the prime factors of c.
2, 5, 13
Let s = -449 + 455. What are the prime factors of s?
2, 3
Let c(t) = -261*t + 11. What are the prime factors of c(-2)?
13, 41
What are the prime factors of 7 + (7 - 1 - -1423)?
2, 359
Let q(c) = c**2 - 2*c - 19. Let h be q(5). Let p(b) = 5*b - 8. Let t(a) = a**2 + 14*a - 24. Let f(k) = -11*p(k) + 4*t(k). What are the prime factors of f(h)?
2, 13
Suppose -4*c = 4*u + 556, 2*c - 61 + 345 = -4*u. Let b be (7 + 8)*13/1. Let d = c + b. List the prime factors of d.
59
Suppose 20102 = 18*p - 2398. List the prime factors of p.
2, 5
Suppose -8*d + 207 = -121. List the prime factors of d.
41
Suppose r - 24 = 50. Let t = -38 + r. What are the prime factors of t?
2, 3
Let w = 983 - -183. What are the prime factors of w?
2, 11, 53
Let x(w) = w**3 - w + 1. Suppose 0 = -j - 20 + 25. What are the prime factors of x(j)?
11
Let y(j) = -j**3 + j**2 + 2*j - 34. List the prime factors of y(-5).
2, 53
Let r be 0 + -2 + 4 - 4. Let m(t) = -2*t**3 - 4*t**2 - 5*t - 5. Let l be m(r). Suppose 4*j = 5*k - 87, -l*j = 2*k + 3*k - 105. List the prime factors of k.
19
Suppose 10*z = -20*z + 6840. What are the prime factors of z?
2, 3, 19
Let n(a) be the second derivative of -a**4/12 - 11*a**3/6 - a**2/2 - 6*a. List the prime factors of n(-10).
3
Let d(u) = u**3 - 5*u**2 + 2*u + 3. Let s be d(4). Let x be s*(84/(-15) + 4). Suppose 11*t - 93 = x*t. List the prime factors of t.
31
Let v = 3 - 8. Let j(g) = -g - 3. Let f be j(v). Suppose 0*u = f*u - 70. What are the prime factors of u?
5, 7
Let r = 415 - 89. Suppose -r = -y - 4*p, 2*p - 314 = -y + 4*p. What are the prime factors of y?
2, 3, 53
Let j(m) = 12*m**2 + 3*m + 4. Let n be j(-3). Suppose -3*u + n + 182 = 0. What are the prime factors of u?
5, 19
Let w = 36 - 66. Let k = w + 76. What are the prime factors of k?
2, 23
Suppose 0 = -12*b - 1150 + 10786. List the prime factors of b.
11, 73
Let x(g) = -g**2 - 5*g + 12. Let z be x(-7). List the prime factors of (z + (-15)/(-6))*122.
61
Suppose 113 = a - 2*m, 2*a = 3*m + 98 + 124. Let v = a - 66. What are the prime factors of v?
3, 13
Suppose -8 = -4*i, 3*i = 7*u - 9*u + 582. What are the prime factors of u?
2, 3
Suppose 10*s - 11*s - 31 = 0. Let p = 3 - s. What are the prime factors of p?
2, 17
Let z = 17 - 18. Let y = z - -15. What are the prime factors of y?
2, 7
Let c(k) = 2*k**3 + 15*k**2 - 5*k - 14. Let d(o) = 5*o**3 + 31*o**2 - 10*o - 27. Let s(x) = -7*c(x) + 3*d(x). What are the prime factors of s(12)?
7, 11
Let f(i) = 31*i - 6. Let z be f(-8). Let n = z - -385. What are the prime factors of n?
131
Suppose -6*x = -3*x. Suppose -4 = 2*u - x*u. List the prime factors of 992/24 + u/(-3).
2, 3, 7
Let u(h) = 2*h. Let b be u(4). Suppose -3*t + 5*v = 35, -5*v + 2 + b = 2*t. What are the prime factors of (-11)/5*6*t?
2, 3, 11
Let x be (-274)/(-4)*7/(14/8). What are the prime factors of x*((-9)/(-10) - 2/5)?
137
Let s(c) = c + 10. Let b be s(-6). Suppose 0 = b*x - 3*x - 35. List the prime factors of x.
5, 7
Let p(t) = -3*t + 1. Let n be p(-5). Let u = -6 + n. Let f = 45 + u. What are the prime factors of f?
5, 11
Let x = -49 - -61. What are the prime factors of (((-525)/20)/7)/((-3)/x)?
3, 5
Let a be 162*5/2*(1 - 2). Let k = -248 - a. What are the prime factors of k?
157
Suppose 8*w = 3*w - 5. Let x be w/((-148)/(-50) - 3). Suppose 6*b + x - 295 = 0. List the prime factors of b.
3, 5
Let b = -1171 - -2142. What are the prime factors of b?
971
What are the prime factors of -2 + (-250)/75*1602/(-5)?
2, 13, 41
Let d be (-118)/(-6) - 3/(-9). Let m = d + -18. Suppose -3*p + 9 = -m*p. What are the prime factors of p?
3
Suppose 3*s = 2*p + 1113, 4*p + p = 2*s - 742. Let b = s + -262. List the prime factors of b.
109
Suppose 0 = -4*m - 8, 4*m + 17 - 6 = w. Let c be w/6 + 70/4. Let t = 39 - c. List the prime factors of t.
3, 7
Suppose 0*c - 4*c + 7652 = 0. List the prime factors of c.
1913
Suppose 4335 = -l + 16*l. What are the prime factors of l?
17
Let c be (-26758)/51 + 2/(-6). What are the prime factors of -6*(c/(-10))/(-3)?
3, 5, 7
Suppose -6359 = -16*v + 27177. What are the prime factors of v?
2, 131
Let d = -24 - -79. Suppose -170 = -5*g - d. Let v = g - 13. List the prime factors of v.
2, 5
Let g(k) = k**2 - 17*k + 2. Let h be g(7). Let i = -25 - h. List the prime factors of i.
43
Let u = 70 - 71. What are the prime factors of (-224)/(-2) + 5/u?
107
Let d(x) = x**2 - x. Let b(j) = -5*j**2 - 11*j + 21. Let r(p) = b(p) + 6*d(p). Let s(q) = 9*q. Let y be s(2). List the prime factors of r(y).
3, 13
Let g(v) = -4*v - 15. Let y be (-12 - -13)/(1/(-17)). List the prime factors of g(y).
53
Suppose 7*l = 3101 - 56. List the prime factors of l.
3, 5, 29
List the prime factors of ((-1718)/(-1))/(9 + -10 + 2).
2, 859
Suppose -4*b + 587 = 99. What are the prime factors of 4/9*b + (-6)/27?
2, 3
Let b = -1050 + 1609. List the prime factors of b.
13, 43
Let q = 3788 + -2205. What are the prime factors of q?
1583
Let k = -557 - -944. Suppose 11*l = 14*l - k. What are the prime factors of l?
3, 43
Let p = 9 + -6. Suppose -3*i - 9 = 0, -p*z + 3*i + 2*i = -18. Let f = 18 + z. List the prime factors of f.
19
Let w be 896/6 + 10/15. Suppose -5*u = 2*y - 244, 0 = u + 2*u + 3*y - w. List the prime factors of u.
2, 3
Let h = -1640 - -2939. List the prime factors of h.
3, 433
Let y be (-22)/(-121) + 4651/11. Suppose -3*i - 69 = -y. List the prime factors of i.
2, 59
Let s = -10 - -20. Let j = -10 + s. Suppose 3*x = -4*l - j*x + 71, 0 = -4*l + 5*x + 95. List the prime factors of l.
2, 5
Let s(w) be the third derivative of 13*w**4/24 + 2*w**3/3 + 5*w**2. What are the prime factors of s(4)?
2, 7
Suppose 0 = -3*f + 15, 3*q + 44 = 4*f + 9. List the prime factors of 1/q - 2760/(-50).
5, 11
What are the prime factors of (-100)/(-125) + (0 - (-2876)/5)?
2, 3
Let j = 1 - -3. Suppose -3*l - 19 = -j*l. Suppose 6 - l = -z. What are the prime factors of z?
13
Let y(n) = 20*n**2 - 4*n - 2. Let u be (-1)/(-6) + (-2)/(36/21). What are the prime factors of y(u)?
2, 11
Let u = 29 + -37. Let y be (-25 - u) + 4*1. What are the prime factors of (0 - 4 - y)/1?
3
Let c(r) = r**2 + 15*r + 15. Let k be c(-12). Let u = k - -18. Let d = 33 + u. What are the prime factors of d?
2, 3, 5
Suppose 2*y - 5 = -h + 8, y = 3*h - 25. Let p = 13 - h. Let l(x) = x**3 - 3*x**2 + x - 5. What are the prime factors of l(p)?
3, 5
Let m = 79 - 82. What are the prime factors of 145 + 4 + -4 + m?
2, 71
Let s = 33 - 40. Let c(t) = t**3 + 7*t**2 - 7*t - 13. List the prime factors of c(s).
2, 3
Let q = 3035 - 268. What are the prime factors of q?
2767
Suppose 26*m = 24*m - 76. Let v = 78 + m. What are the prime factors of v?
2, 5
Let z(u)